{"id":31,"date":"2018-01-12T19:08:34","date_gmt":"2018-01-12T19:08:34","guid":{"rendered":"http:\/\/satu-band.de\/?page_id=31"},"modified":"2025-06-22T20:29:42","modified_gmt":"2025-06-22T20:29:42","slug":"auszug-aus-unserem-repertoire","status":"publish","type":"page","link":"https:\/\/satu.band\/?page_id=31","title":{"rendered":"Repertoire"},"content":{"rendered":"<h2>Auszug aus unserem Repertoire<\/h2>\n<p>&nbsp;<\/p>\n<ul>\n<li>Hymn (Barclay James Harvest)<\/li>\n<li>The Storyman (Chris De Burgh)<\/li>\n<li>Sinister Sister (die Kammer)<\/li>\n<li>Golden Apples (Faey)<\/li>\n<li>Alba (Faun)<\/li>\n<li>Float (Flogging Molly)<\/li>\n<li>Dear Misery (Folk Noir)<\/li>\n<li>Unterwegs (Gerhard Sch\u00f6ne)<\/li>\n<li>Aller Herren L\u00e4nder (Heinz Rudolf Kunze)<\/li>\n<li>Blau wie das Meer (Mr. Hurley)<\/li>\n<li>Gei\u00dfel der See (Mr. Hurley)<\/li>\n<li>Starlight (Muse)<\/li>\n<li>Harvest Moon (Neil Young)<\/li>\n<li>Eva (Nightwish)<\/li>\n<li>Sleeping Sun (Nightwish)<\/li>\n<li>Alpenglow (Nightwish)<\/li>\n<li>Angels fall first (Nightwish)<\/li>\n<li>The Islander (Nightwish)<\/li>\n<li>Turn Loose the Mermaids (Nightwish)<\/li>\n<li>Toys in the Attic (Omnia)<\/li>\n<li>The bitter End (Placebo)<\/li>\n<li>Mary Lou acoustic version (Sonata Arctica)<\/li>\n<li>Eisblumen (Subway to Sally)<\/li>\n<li>Raggle Taggle Gypsy<\/li>\n<li>Star of the County Down<\/li>\n<li>Black Velvet Band<\/li>\n<li>Dirty Old Town<\/li>\n<li>Johnny, I Hardly New Ya<\/li>\n<li>Gras (Gundermann)<\/li>\n<li>This is The Life (Amy Macdonald)<\/li>\n<li>Born To Be Wild (Steve &#8217;n&#8216; seagulls)<\/li>\n<li>Denkmal (Wir sind Helden)<\/li>\n<li>Wolf An Dro (La jument de Michao)<\/li>\n<li>Wytches&#8216; Brew (Omnia)<\/li>\n<li>Sto me a milo<\/li>\n<li>The Parting Glass<\/li>\n<li>Scarborough Fair<\/li>\n<li>Altes Haus (Nun flog Dr. Bert Rabe)<\/li>\n<li>Gute Nacht Freunde (Reinhard Mey)<\/li>\n<li>Kamper Trinklied (Wenzel)<\/li>\n<li>Niiv (Omnia)<\/li>\n<li>Schrei nach Liebe (Die \u00c4rzte)<\/li>\n<li>&#8230;<\/li>\n<\/ul>\n","protected":false},"excerpt":{"rendered":"<p>Auszug aus unserem Repertoire &nbsp; Hymn (Barclay James Harvest) The Storyman (Chris De Burgh) Sinister Sister (die Kammer) Golden Apples (Faey) Alba (Faun) Float (Flogging Molly) Dear Misery (Folk Noir) Unterwegs (Gerhard Sch\u00f6ne) Aller Herren L\u00e4nder (Heinz Rudolf Kunze) Blau wie das Meer (Mr. Hurley) Gei\u00dfel der See (Mr. Hurley) Starlight (Muse) Harvest Moon (Neil [&hellip;]<\/p>\n","protected":false},"author":2,"featured_media":0,"parent":2,"menu_order":3,"comment_status":"closed","ping_status":"closed","template":"","meta":{"ngg_post_thumbnail":0,"footnotes":""},"class_list":["post-31","page","type-page","status-publish","hentry"],"_links":{"self":[{"href":"https:\/\/satu.band\/index.php?rest_route=\/wp\/v2\/pages\/31","targetHints":{"allow":["GET"]}}],"collection":[{"href":"https:\/\/satu.band\/index.php?rest_route=\/wp\/v2\/pages"}],"about":[{"href":"https:\/\/satu.band\/index.php?rest_route=\/wp\/v2\/types\/page"}],"author":[{"embeddable":true,"href":"https:\/\/satu.band\/index.php?rest_route=\/wp\/v2\/users\/2"}],"replies":[{"embeddable":true,"href":"https:\/\/satu.band\/index.php?rest_route=%2Fwp%2Fv2%2Fcomments&post=31"}],"version-history":[{"count":6,"href":"https:\/\/satu.band\/index.php?rest_route=\/wp\/v2\/pages\/31\/revisions"}],"predecessor-version":[{"id":391,"href":"https:\/\/satu.band\/index.php?rest_route=\/wp\/v2\/pages\/31\/revisions\/391"}],"up":[{"embeddable":true,"href":"https:\/\/satu.band\/index.php?rest_route=\/wp\/v2\/pages\/2"}],"wp:attachment":[{"href":"https:\/\/satu.band\/index.php?rest_route=%2Fwp%2Fv2%2Fmedia&parent=31"}],"curies":[{"name":"wp","href":"https:\/\/api.w.org\/{rel}","templated":true}]}}